Let s be w(5). Let c(u) = u**3 + 5*u**2 - 7*u + 1. Let o be c(-6). Calculate the greatest common factor of o and s.
7
Let t(p) = -p**3 + 7*p**2 - 4*p + 6. Let g be t(6). What is the highest common divisor of g and 9?
9
Suppose -3*q - 63 = -5*g, 5*g - 2*g - 61 = -4*q. Let n(x) = -x + 6. Let i be n(0). What is the greatest common factor of i and g?
3
Let b be (-1)/(-2) + 52/8. Suppose -3*y = -2*y - b. What is the greatest common divisor of y and 7?
7
Suppose -l - 36 = -2*c, -5*c + 85 = -3*l - 7. Calculate the greatest common factor of c and 16.
16
Suppose 13 + 29 = -3*x. Let a be (x + -10)*8/(-3). Calculate the highest common factor of 8 and a.
8
Suppose -5*z + 31 = -2*v, 0*v = 2*z - v - 13. Suppose 0 = -z*i - 4*k + 230, 5*k = 4*i + i - 185. What is the highest common factor of 6 and i?
6
Let h be 8/(-8) - (-1 + -59). Suppose 32 = 3*b + c, 6*b = b + 4*c + h. Let d be -176*(-2 + (-3)/(-2)). Calculate the greatest common divisor of b and d.
11
Let h(a) = -2*a + 12. Let r be h(-8). Calculate the highest common divisor of 70 and r.
14
Let w be ((-78)/2)/(-1*1). Suppose f = -2*y - 18, -2*y = 5*f - 0 + 50. Let b(o) = -3*o + 2. Let v be b(f). What is the highest common factor of w and v?
13
Let h = -5 + 7. Let q be (-2 - -2)/(1 - -1). Suppose q = 4*t - 5 - 27. What is the greatest common divisor of h and t?
2
Let w = -16 - -36. Let n = 2 + 48. What is the highest common factor of w and n?
10
Suppose -n + 441 = 2*n. Calculate the highest common divisor of 21 and n.
21
Suppose 0 = -12*s - 7 + 403. What is the highest common factor of 22 and s?
11
Suppose 5*h - 2*h = 24. Let z(a) = a**3 - 7*a**2 + 10*a. Let u be z(h). What is the highest common factor of u and 16?
16
Suppose 2*j + j = 0. Suppose -4*s + 0*w - 3*w + 26 = j, -3*w = 3*s - 18. Let a = -9 - -17. What is the highest common factor of a and s?
8
Suppose -5*u + 5*m + 460 = 0, 488 = u + 4*u + 2*m. Let s(f) = -3*f**3 - 3*f**2. Let x be s(-2). Calculate the highest common factor of u and x.
12
Let a be (-4)/18 - 310/(-18). Let s = 50 - a. Calculate the highest common factor of s and 33.
33
Suppose 4*t = 3*h - 39, -4*t - 42 = -3*h - t. Suppose 52 = 4*p - 3*j - j, 4*p - 88 = -5*j. What is the highest common divisor of p and h?
17
Suppose -6*y - 2*o = -3*y - 9, 4*y - 2*o - 12 = 0. Suppose h + y*h = 168. Calculate the greatest common factor of h and 6.
6
Suppose 10*t - 5*t = 0. Suppose t = -0*x + 4*x - 8. Let q = -19 - -35. What is the highest common factor of q and x?
2
Let d(x) = 23*x. Let u = -2 - -3. Let c be d(u). What is the greatest common factor of c and 184?
23
Let c = -10 + 2. Let w(v) = 6*v**3 + 9*v**2 + 3 + 5 - v**3 - 4*v**3. Let r be w(c). Calculate the greatest common factor of 18 and r.
18
Let m(w) = -16*w + 1. Let u be m(-2). Let d = 4 + -4. Suppose 4*x - 16 = d, 2*v - v - 2 = 5*x. Calculate the greatest common factor of v and u.
11
Let h(f) = 8*f - 12. Let k be h(4). Suppose -17*q = -15*q - k. Calculate the greatest common factor of q and 25.
5
Suppose 368 = 3*i + 4*o, -i = 3*o - 0*o - 116. What is the highest common divisor of 16 and i?
16
Suppose 2*o - 97 = 47. Let x(y) = -y**3 + 4*y**2 + 7*y - 2. Let s be x(5). What is the greatest common factor of s and o?
8
Let l(k) = 4*k**2 - 3*k. Let b be l(2). Let w(m) = m - 5. Let i be w(7). Calculate the highest common divisor of b and i.
2
Let n be 0 + 3 - (-1 + 1). Suppose 0*s + 15 = q + 2*s, q = -n*s + 18. Calculate the greatest common factor of q and 36.
9
Let f(p) = 6*p + 15. Let d be f(8). Let l(s) = s**3 - 6*s**2 + 6*s + 2. Let t be l(5). Calculate the highest common factor of d and t.
7
Let a = 129 + -87. Suppose 2*m + 2*z - 56 = 3*z, -4*m + z + 112 = 0. What is the greatest common factor of m and a?
14
Let x = -6 - -8. Suppose -u - x*l + 7 = 0, -7*u + 10 = -3*u - l. Suppose u*j - 58 = 17. What is the highest common factor of 10 and j?
5
Suppose 0 = -2*r + 2*p + 76, r - 3*r + 5*p + 91 = 0. Let b(d) = d - 1. Let y be b(1). Let f be (-1 - 0) + y + 4. What is the highest common divisor of f and r?
3
Let k(r) be the second derivative of r**4/12 + r**3 + r**2/2 + r. Let z be k(-7). Calculate the highest common divisor of z and 56.
8
Let c(a) = 3*a**2 - 3*a + 2. Let j be c(4). Let w be j*(0 + -3 + 2). Let y = w - -192. What is the greatest common divisor of 14 and y?
14
Let p(k) = -2*k - 8. Let b be p(-5). Suppose -u = 2*t + b*t - 56, -2*t + 46 = 5*u. Calculate the greatest common divisor of 104 and t.
13
Let h be ((-8)/(-5))/(6/90). What is the greatest common divisor of h and 72?
24
Suppose -b + 64 = 3*b. Calculate the greatest common factor of b and 16.
16
Suppose -4*a - 15 = -a, 5*x - 3*a = 155. What is the highest common divisor of 4 and x?
4
Let m be 3175/(-35) - 2/7. Let o = -51 - m. Calculate the highest common factor of o and 5.
5
Let p(i) = 8*i + 4. Let s be p(4). Let y be 3/(-4*(-3)/96). What is the highest common factor of y and s?
12
Let c(t) = -t**2 + 2*t + 19. Let z be c(4). What is the greatest common factor of z and 33?
11
Let a be ((-158)/(-3))/((-12)/(-18)) + -2. What is the highest common factor of 22 and a?
11
Let n be (2/5)/((-2)/880). Let k = n + 256. What is the greatest common factor of 32 and k?
16
Let t = -2 - -8. Suppose -17 = -p - g + 4*g, 2*g = -t. Calculate the greatest common divisor of 88 and p.
8
Let l(c) = c**3 + 12*c**2 + 11*c + 1. Let d be l(-11). Calculate the greatest common factor of d and 12.
1
Let b be -36*(-4 + 2/3). Calculate the greatest common divisor of b and 15.
15
Let f(a) = 17*a + 20. Let j be f(4). What is the highest common divisor of 11 and j?
11
Let l(g) = -11*g**3 - 2*g**2 - 2*g - 1. Suppose 0 = -2*n - 8. Let d be ((-4)/(-6))/(n/6). Let r be l(d). Calculate the highest common factor of 50 and r.
10
Let q(a) = 4*a**2 + 4*a. Let j be q(4). Let x(v) = v**2 + 41*v + 94. Let m be x(-39). Calculate the highest common divisor of j and m.
16
Let c = -85 + 59. Let l = -12 - c. Let u be 22 + (-2)/(-2 + 4). What is the greatest common divisor of l and u?
7
Suppose -2*y + 107 = 7. Calculate the greatest common divisor of y and 100.
50
Suppose 60 = 6*d - 120. What is the greatest common factor of d and 12?
6
Let s(y) = 8*y**2 - 3*y + 2. Let n be s(3). What is the greatest common divisor of n and 26?
13
Let y be ((-80)/(-15))/((-2)/(-15)). Suppose 4*l = -7*l + 660. Calculate the greatest common divisor of y and l.
20
Let j(z) = -z**3 - z**2 + z - 4. Let l be j(-4). Let p = -23 - -39. What is the greatest common divisor of p and l?
8
Suppose 3*r - 3*u - 705 = -2*u, -u = 3*r - 699. What is the greatest common factor of 26 and r?
26
Suppose 3*s = -2*s + 3*r + 75, 5*r + 25 = 0. Let i be (4/(-5))/(1/(-90)). Calculate the greatest common factor of s and i.
12
Let b = -14 - -37. What is the greatest common divisor of 92 and b?
23
Let p = 32 - 17. Suppose -120 = -5*d + 4*d. What is the highest common divisor of d and p?
15
Suppose f + 2*f = 15. Suppose -5 = f*l - 45. Suppose 3*p = -2*c + 42, 2*c = -5*p + c + 77. Calculate the highest common divisor of l and p.
8
Suppose 20 = 4*c + c. Let r be (-3 + 1)*(4 - 6). Calculate the highest common divisor of c and r.
4
Let i be (-2296)/(-52) - (-2)/(-13). Let r be (-111)/(-1) - 3/3. Suppose s - 2*s = -r. Calculate the highest common divisor of i and s.
22
Let w be 11 + 4/(-4)*3. Calculate the greatest common factor of w and 16.
8
Suppose -2*v - k + 60 = 3*v, v - 12 = 5*k. Suppose 0 = 6*y + 9*y - 1260. Calculate the greatest common factor of v and y.
12
Suppose 7*x - 2*x = 15. Suppose -x*y + 65 = 2*y. Let d be (-2)/((16/182)/(-4)). What is the highest common factor of d and y?
13
Let z = 11 + -7. Let l be 4 + 0 + 0 + 1. Suppose -5*d - 4*y = -52, -4*d - 3*y = -l*d - 1. Calculate the greatest common divisor of d and z.
4
Let i be 16/20 - (-292)/10. Let u = i + -20. What is the greatest common factor of 90 and u?
10
Suppose 6*p - 60 = 3*p. Calculate the greatest common divisor of 5 and p.
5
Let r(z) = -z**2 + 9*z + 2. Let f be r(9). Suppose 4 = f*i - 4. Suppose 22 = -2*q + i*q - 4*p, 4*q - 29 = 3*p. What is the greatest common divisor of q and 1?
1
Suppose -k + a = -117, -4*a + 660 - 192 = 4*k. What is the highest common divisor of k and 13?
13
Let x(n) = -n**3 - 11*n**2 + 12*n + 18. Let w be x(-12). Calculate the greatest common divisor of 72 and w.
18
Let o = -49 + 5